te the remainder when y(6) is divided by z.
4
Suppose 5*p - 44 = -2*t, -3*p + t + 14 = -p. Let z(c) = -8*c**3 + 3*c**2 + 157*c + 284. Calculate the remainder when z(-2) is divided by p.
6
Suppose -h - h = -16. Suppose 3*g = -g + 240. What is the remainder when 765/g + 2/8 is divided by h?
5
Let u(c) = 2*c + 40. Let w(m) = m**3 - 7*m**2 + 2*m - 1. Calculate the remainder when u(-10) is divided by w(7).
7
Suppose 4*l - 293 - 66 = 3*s, -87 = -l - 2*s. Suppose -2*t = 5 - l. What is the remainder when 670 is divided by t?
40
Let z = -5 - -17. Suppose 3*c + 4*x = -81 - 77, -2*x = 4. Let q = c - -96. Calculate the remainder when q is divided by z.
10
Let h = -5358 + 5398. What is the remainder when 329 is divided by h?
9
Let i = 1895 - 1645. Calculate the remainder when i is divided by 32.
26
Suppose -14*z + 18*z - 196 = 0. Suppose 0 = 8*v + z - 193. Let d(r) = -2*r - 2. Calculate the remainder when v is divided by d(-7).
6
Suppose -4*g + 169 = 3*i, g + 136 = 3*i - 58. Suppose -28*l + 32*l = -4. What is the remainder when i is divided by 132*l*(-3)/12?
30
Let t(w) = 25*w**2 + 14*w + 36. What is the remainder when t(4) is divided by 164?
0
Let h(b) = 3*b**2 + 69*b + 417. What is the remainder when h(-45) is divided by 15?
12
Let g(m) = -11*m + 137. Let r be g(12). Let i = 42 + -27. Calculate the remainder when 2/r - (-21)/(-15)*-19 is divided by i.
12
Let h be (-45)/(-36)*1*-1*-96. Let v = h - -11. Calculate the remainder when v is divided by (16/(-6))/((-2)/9).
11
Let h = 773 - 762. Calculate the remainder when 151 is divided by h.
8
Let u(q) = -q**2 - 27*q + 20. Let m be u(-28). Let b = m - -29. Calculate the remainder when 48 is divided by b.
6
Let x(n) = 20*n**2 + 2*n + 6. Let y be x(-2). Suppose -y = -3*w - 31. Let g = 29 - w. What is the remainder when g is divided by 8?
4
Let w = -30376 - -32829. Calculate the remainder when w is divided by 1213.
27
Suppose 5*q = i + 12708, -3167 = -5*q + 2*i + 9539. Suppose 27*d = q + 2777. What is the remainder when d is divided by 50?
47
Suppose -32 = 876*r - 892*r. Let m be 42/8 + 1/(-4). What is the remainder when -1 + (r - m) + 17*6 is divided by 34?
30
Let d = -17787 + 18104. Calculate the remainder when d is divided by 69.
41
Let n(l) = 1580*l + 12667. Suppose s - 18 = -0. What is the remainder when n(-8) is divided by s?
9
Let m be -6 - (-6 + -147) - 1*-1. Let f = 223 - m. Suppose -5*k - 6 = g, 2*g - 3*k - 53 = -0*g. What is the remainder when f is divided by g?
18
Suppose -2*g - 35 = -2*t - 3*g, 16*g = -t + 95. Let k(x) = 36*x - 1. Let d be k(6). Let u = d + -128. What is the remainder when u is divided by t?
12
What is the remainder when 177 is divided by ((-360)/140)/((-14)/147)?
15
Let t = -1706 - -1796. What is the remainder when 173 is divided by t?
83
Let a(v) = 525*v - 4190. Calculate the remainder when 3556 is divided by a(8).
6
Let u(z) = -z**2 + 7*z - 7. Let f = 1870 - 1866. What is the remainder when u(4) is divided by f?
1
Let l(r) = 3*r**2 + 7*r - 57. Let g be (1 + 2)*(-294)/(-126). What is the remainder when l(g) is divided by 25?
14
Let c = -465944 + 465999. Let g(j) = 3*j - 8. Calculate the remainder when c is divided by g(6).
5
Let k = -92 + 1176. What is the remainder when k is divided by 8?
4
Calculate the remainder when 675 is divided by (-5)/(50/(-2192)) + (-56)/(-70).
15
Suppose -2*n - 32 = -3*a, 5*n + 35 = -0*n. Let w(v) = -v**3 + 5*v**2 + 6. Calculate the remainder when w(5) is divided by a.
0
Suppose 4717 = 5*a + 2*p + 456, 2*a - 1700 = -3*p. What is the remainder when a is divided by 212?
5
Let i = -16 - -19. Suppose -i*m + 31 = -56. What is the remainder when m is divided by 15?
14
Let m = 1385 + -1340. What is the remainder when m is divided by 8?
5
Let d = 2994 + -2974. Calculate the remainder when d is divided by 1/3 + 69/9.
4
Let o(s) = s**3 - 17*s**2 + 50*s - 32. What is the remainder when 246 is divided by o(14)?
6
Suppose -5*r + t = -560, 3*r = -t + 6*t + 358. Suppose 0 = 6*v - 14*v + 184. Calculate the remainder when r is divided by v.
19
Let a = 130 - 70. Let x = 60 - a. Suppose x = 5*c - 5. What is the remainder when c is divided by 1?
0
Suppose 208 = 2*d + 2*d - 5*w, -d = w - 43. Let i = -34 + d. Calculate the remainder when 44 + (15 - 4 - 6) is divided by i.
10
Suppose -1238 = -26*o + 1050. Let g = -83 + o. Calculate the remainder when (-24)/9*6/(-2) is divided by g.
3
Let m = 0 - -1. Suppose -5*f + m = -4*f. What is the remainder when ((-3)/(-3))/f + 76 is divided by 13?
12
Suppose 671*q = -107*q + 56016. Calculate the remainder when 656 is divided by q.
8
Suppose -5*a = -10, 1227*m - 1232*m + 2142 = a. What is the remainder when 1717 is divided by m?
5
Suppose -h = 3*h - 24. What is the remainder when ((-882)/(-42) - -22) + 2/2 is divided by h?
2
Suppose -26*r + 36*r = 70. What is the remainder when 300 is divided by r?
6
Let d(a) = -a - 4. Let t(q) = 5*q + 153. Let u(r) = 4*d(r) + t(r). Calculate the remainder when u(-20) is divided by 11.
7
Let m = 22157 + -21516. What is the remainder when m is divided by 163?
152
Let j(z) = -z**2 - 16*z + 8. Let b = -16 + 28. What is the remainder when j(-9) is divided by b?
11
Let c(m) = m**2 - 21*m - 401. What is the remainder when 1405 is divided by c(34)?
11
Let i(z) be the third derivative of -z**5/60 + 3*z**4/8 + 8*z**3/3 + 10*z**2. What is the remainder when 46 is divided by i(8)?
22
Suppose 15*b - 292 = 608. Suppose u - 4*j = 2*u - 57, -u + b = 5*j. Calculate the remainder when u is divided by 12.
9
Let z(w) = w**3 + 23*w**2 + 107*w - 42. What is the remainder when 935 is divided by z(-15)?
17
Let b(j) = 143*j**2 + 21*j - 48. Calculate the remainder when b(8) is divided by 175.
172
Let h be 104/(-10) + (2 - (-8)/(-5)). Let o be 2*63/70*h/(-6). Suppose -4 = -o*x + 59. Calculate the remainder when 46 is divided by x.
4
Let h(t) = -t**3 + 12*t**2 + 122*t - 471. What is the remainder when 480 is divided by h(17)?
6
Suppose 4*b - 31 + 43 = 0. Let h be (0 + 1 - 8/4)*b. Suppose h*q = 21 + 24. Calculate the remainder when q is divided by 4.
3
What is the remainder when (-2 - 2)/(124/(-15717)) is divided by 44?
23
Let z = 1556 + -1248. What is the remainder when 2474 is divided by z?
10
Let v(u) = -961*u + 969. Calculate the remainder when 228 is divided by v(1).
4
Calculate the remainder when 3*(-1)/4*-88 is divided by 28.
10
Let h = -19 - -23. Let s(a) = 3*a + 6. What is the remainder when s(h) is divided by 10?
8
Let b = 5 - 1. Let m = 28 + -34. Let a = m + 21. What is the remainder when a is divided by b?
3
Suppose -3*i = 17*t - 19*t - 65, -60 = -2*i - 2*t. Calculate the remainder when 1674 is divided by i.
24
Let x = -170698 + 170789. Let k = -31 + 64. What is the remainder when x is divided by k?
25
Let q be (-2 - -2)/(-8 - -9). Suppose q = -0*m + 2*m + 62. Let l = -21 - m. Calculate the remainder when 26 is divided by l.
6
What is the remainder when 128 is divided by (1 - -5) + (39/2)/((-21)/(-126))?
5
Let z(s) = 4*s**2 - 5*s - 7. Let n be 1334*(-5 + 77/14). Suppose m - n = -640. Calculate the remainder when z(6) is divided by m.
26
Suppose -5*y = 3*c - 17630, 4*c - 4*y - 919 = 22641. What is the remainder when c is divided by 27?
26
Suppose -3*m + 7 = -14. Suppose 51*p - 9*p - 378 = 0. Calculate the remainder when p is divided by m.
2
Let l(b) = -b**2 - 27*b - 63. Suppose 24 = -2*t - 2*z, 2*z = 3*t - 2*z + 1. Calculate the remainder when l(t) is divided by 6.
5
Let a(p) = 4*p**2 - 75*p + 15. Let s(w) = -w**3 + 14*w**2 - 37*w - 11. Let y be s(10). Calculate the remainder when a(y) is divided by 12.
10
Suppose 1914 = -2*d + 2*v, -d - v = 3*v + 967. What is the remainder when 2/(4/(-1)) - d/14 is divided by 3 + (-4)/12*-21?
8
Suppose 0*u + 6 = -2*u - 4*t, -2*t - 8 = 0. Suppose u*w - 18 = -48. What is the remainder when 74 is divided by (-2 - 1/(6/14))*w?
22
Let x(z) = -25*z + 55 - 29 - 29. Calculate the remainder when 86 is divided by x(-1).
20
Suppose 196*i - 202*i - 6 = 0. Let j = i - -21. Calculate the remainder when 152 is divided by j.
12
Let f = -267 - -270. Suppose y - 32 = -2. Calculate the remainder when y is divided by f.
0
Let h(r) = -79*r**3 - 2*r**2 + 2*r + 2. Let j = -110 + 109. Calculate the remainder when h(j) is divided by 27.
23
Let z = -553 + 702. What is the remainder when 507 is divided by z?
6